 17
What are the prime factors of 29497?
13, 2269
What are the prime factors of 65910?
2, 3, 5, 13
What are the prime factors of 81606?
2, 3, 7, 29, 67
List the prime factors of 83258.
2, 7, 19, 313
List the prime factors of 11718.
2, 3, 7, 31
List the prime factors of 4381.
13, 337
List the prime factors of 1039.
1039
What are the prime factors of 2508?
2, 3, 11, 19
What are the prime factors of 27693?
3, 17, 181
What are the prime factors of 84213?
3, 3119
List the prime factors of 157.
157
List the prime factors of 67871.
67, 1013
List the prime factors of 9924.
2, 3, 827
List the prime factors of 113250.
2, 3, 5, 151
List the prime factors of 79.
79
What are the prime factors of 402?
2, 3, 67
What are the prime factors of 244?
2, 61
List the prime factors of 88873.
88873
What are the prime factors of 715?
5, 11, 13
List the prime factors of 12904.
2, 1613
List the prime factors of 14980.
2, 5, 7, 107
What are the prime factors of 1012?
2, 11, 23
What are the prime factors of 136160?
2, 5, 23, 37
What are the prime factors of 397?
397
What are the prime factors of 1272?
2, 3, 53
List the prime factors of 14030.
2, 5, 23, 61
List the prime factors of 4961.
11, 41
What are the prime factors of 108991?
108991
List the prime factors of 34953.
3, 61, 191
List the prime factors of 1456.
2, 7, 13
What are the prime factors of 783?
3, 29
What are the prime factors of 63305?
5, 11, 1151
What are the prime factors of 29586?
2, 3, 4931
What are the prime factors of 3734?
2, 1867
List the prime factors of 2154.
2, 3, 359
What are the prime factors of 1810?
2, 5, 181
List the prime factors of 1272.
2, 3, 53
What are the prime factors of 100597?
7, 2053
What are the prime factors of 2343?
3, 11, 71
List the prime factors of 13161.
3, 41, 107
List the prime factors of 1009.
1009
What are the prime factors of 3610?
2, 5, 19
List the prime factors of 635.
5, 127
What are the prime factors of 21496?
2, 2687
What are the prime factors of 14385?
3, 5, 7, 137
What are the prime factors of 34638?
2, 3, 23, 251
What are the prime factors of 4668?
2, 3, 389
What are the prime factors of 11627?
7, 11, 151
What are the prime factors of 106569?
3, 3947
What are the prime factors of 479?
479
List the prime factors of 16542.
2, 3, 919
List the prime factors of 996.
2, 3, 83
What are the prime factors of 1059?
3, 353
List the prime factors of 34304.
2, 67
List the prime factors of 55775.
5, 23, 97
What are the prime factors of 1756?
2, 439
List the prime factors of 1129.
1129
List the prime factors of 20174.
2, 7, 11, 131
List the prime factors of 28283.
28283
What are the prime factors of 1809?
3, 67
List the prime factors of 66772.
2, 16693
What are the prime factors of 4149?
3, 461
What are the prime factors of 41257?
41257
List the prime factors of 5471.
5471
What are the prime factors of 4092?
2, 3, 11, 31
What are the prime factors of 19529?
59, 331
What are the prime factors of 34211?
34211
What are the prime factors of 9299?
17, 547
List the prime factors of 3092.
2, 773
What are the prime factors of 109332?
2, 3, 3037
What are the prime factors of 548?
2, 137
What are the prime factors of 1159?
19, 61
What are the prime factors of 9852?
2, 3, 821
What are the prime factors of 112205?
5, 22441
What are the prime factors of 1220?
2, 5, 61
List the prime factors of 82969.
29, 2861
What are the prime factors of 9736?
2, 1217
What are the prime factors of 455?
5, 7, 13
List the prime factors of 1440.
2, 3, 5
List the prime factors of 30057.
3, 43, 233
List the prime factors of 20936.
2, 2617
List the prime factors of 7866.
2, 3, 19, 23
What are the prime factors of 3632?
2, 227
What are the prime factors of 3545?
5, 709
What are the prime factors of 3807?
3, 47
What are the prime factors of 358?
2, 179
List the prime factors of 2868.
2, 3, 239
What are the prime factors of 3366?
2, 3, 11, 17
What are the prime factors of 21431?
29, 739
What are the prime factors of 56479?
56479
What are the prime factors of 1564?
2, 17, 23
What are the prime factors of 12247?
37, 331
What are the prime factors of 2800?
2, 5, 7
List the prime factors of 299.
13, 23
What are the prime factors of 1789?
1789
What are the prime factors of 114?
2, 3, 19
What are the prime factors of 10863?
3, 17, 71
What are the prime factors of 671?
11, 61
What are the prime factors of 68857?
37, 1861
What are the prime factors of 83?
83
List the prime factors of 1492.
2, 373
List the prime factors of 12084.
2, 3, 19, 53
What are the prime factors of 1029?
3, 7
What are the prime factors of 6746?
2, 3373
What are the prime factors of 1821?
3, 607
What are the prime factors of 10815?
3, 5, 7, 103
What are the prime factors of 846?
2, 3, 47
List the prime factors of 37709.
7, 5387
List the prime factors of 57215.
5, 11443
List the prime factors of 19.
19
What are the prime factors of 12800?
2, 5
List the prime factors of 38410.
2, 5, 23, 167
What are the prime factors of 854?
2, 7, 61
List the prime factors of 593.
593
What are the prime factors of 48080?
2, 5, 601
List the prime factors of 10397.
37, 281
What are the prime factors of 1284?
2, 3, 107
List the prime factors of 33526.
2, 16763
List the prime factors of 1894.
2, 947
List the prime factors of 4858.
2, 7, 347
What are the prime factors of 4853?
23, 211
What are the prime factors of 1779?
3, 593
List the prime factors of 12694.
2, 11, 577
What are the prime factors of 943?
23, 41
What are the prime factors of 8647?
8647
List the prime factors of 3621.
3, 17, 71
List the prime factors of 258.
2, 3, 43
List the prime factors of 6326.
2, 3163
List the prime factors of 106490.
2, 5, 23, 463
List the prime factors of 2059.
29, 71
List the prime factors of 8876.
2, 7, 317
List the prime factors of 680.
2, 5, 17
List the prime factors of 11716.
2, 29, 101
List the prime factors of 2564.
2, 641
List the prime factors of 1922.
2, 31
List the prime factors of 3136.
2, 7
What are the prime factors of 1105?
5, 13, 17
List the prime factors of 35318.
2, 17659
List the prime factors of 57987.
3, 17, 379
List the prime factors of 640.
2, 5
List the prime factors of 18543.
3, 7, 883
List the prime factors of 5327.
7, 761
List the prime factors of 25011.
3, 7, 397
What are the prime factors of 80455?
5, 16091
List the prime factors of 4194.
2, 3, 233
What are the prime factors of 22508?
2, 17, 331
What are the prime factors of 575?
5, 23
What are the prime factors of 637?
7, 13
What are the prime factors of 8338?
2, 11, 379
List the prime factors of 13302.
2, 3, 739
List the prime factors of 66716.
2, 13, 1283
List the prime factors of 1456.
2, 7, 13
What are the prime factors of 52348?
2, 23, 569
What are the prime factors of 145?
5, 29
List the prime factors of 43160.
2, 5, 13, 83
What are the prime factors of 2688?
2, 3, 7
What are the prime factors of 4717?
53, 89
List the prime factors of 2208.
2, 3, 23
What are the prime factors of 31267?
31267
List the prime factors of 2947.
7, 421
What are the prime factors of 39002?
2, 19501
What are the prime factors of 1295?
5, 7, 37
What are the prime factors of 34863?
3, 11621
List the prime factors of 26917.
11, 2447
What are the prime factors of 48042?
2, 3, 17, 157
What are the prime factors of 5489?
11, 499
List the prime factors of 12083.
43, 281
What are the prime factors of 46276?
2, 23, 503
What are the prime factors of 4488?
2, 3, 11, 17
What are the prime factors of 20435?
5, 61, 67
What are the prime factors of 4783?
4783
List the prime factors of 17.
17
What are the prime factors of 10710?
2, 3, 5, 7, 17
What are the prime factors of 54092?
2, 13523
List the prime factors of 891.
3, 11
List the prime factors of 4584.
2, 3, 191
List the prime factors of 9619.
9619
List the prime factors of 20031.
3, 11, 607
What are the prime factors of 4046?
2, 7, 17
List the prime factors of 8248.
2, 1031
What are the prime factors of 1417?
13, 109
List the prime factors of 8840.
2, 5, 13, 17
List the prime factors of 1128.
2, 3, 47
List the prime factors of 23369.
23369
What are the prime factors of 4429?
43, 103
List the prime factors of 78785.
5, 7, 2251
What are the prime factors of 1923?
3, 641
List the prime factors of 14563.
14563
What are the prime factors of 7367?
53, 139
List the prime factors of 3884.
2,